onvert 101101111001010101101000 (base 2) to base 3.
211122020220001
What is -142a014 (base 13) in base 8?
-30302462
-164421 (base 8) to base 16
-e911
What is 60974 (base 14) in base 6?
4551430
5814 (base 15) to base 10
18694
Convert -28613c0 (base 13) to base 12.
-4352438
Convert 101653 (base 8) to base 3.
1201020102
What is 1001111011000011001001 (base 2) in base 3?
11220011010022
What is 14021530 (base 6) in base 15?
941e6
What is -225849 (base 12) in base 16?
-86079
-1266026 (base 7) to base 10
-167747
What is -1123324 (base 7) in base 2?
-100010010010100100
What is 23411120 (base 6) in base 15?
e7089
5721979 (base 11) to base 4
212031202312
What is -101111110001111100100000 (base 2) in base 16?
-bf1f20
What is 4556433 (base 8) in base 14?
242759
106725 (base 10) to base 14
2ac73
Convert 11e9f0 (base 16) to base 5.
300032000
-336939 (base 10) to base 11
-210169
507535 (base 8) to base 11
105061
-5402354 (base 6) to base 4
-1000223332
Convert -364437 (base 9) to base 10.
-219787
What is -1487254 (base 9) in base 16?
-c985f
Convert -17ff7 (base 16) to base 14.
-27b71
What is -211002020112222 (base 3) in base 16?
-b31326
-12420132 (base 5) to base 9
-206852
What is 2324188 (base 11) in base 3?
21122022210001
Convert -12131132 (base 4) to base 3.
-1100022002
What is 32002032 (base 4) in base 16?
e08e
Convert 606961 (base 11) to base 9.
1746051
What is 374124 (base 9) in base 16?
3732d
What is 289675 (base 10) in base 3?
112201100201
What is 3043323 (base 6) in base 9?
242146
What is 205ab86 (base 12) in base 10?
6094614
-4034135 (base 7) to base 3
-220100101212
What is 14300366 (base 7) in base 10?
1344755
What is -12a9304 (base 11) in base 5?
-1034034134
What is -10221200111201 (base 3) in base 13?
-586a50
11624a7 (base 11) to base 16
1ee129
What is 72c71 (base 13) in base 16?
32669
Convert 4230025 (base 6) to base 7.
1515551
What is -1402511 (base 6) in base 10?
-78379
Convert -1312330202 (base 4) to base 6.
-14235322
Convert a3c697 (base 16) to base 5.
10221430312
-56682 (base 13) to base 3
-21222111210
Convert 26467c (base 13) to base 10.
923857
-13212124 (base 5) to base 6
-2455512
What is 110011101101101011110 (base 2) in base 16?
19db5e
Convert -18700815 (base 9) to base 14.
-137d490
What is -41c36f (base 16) in base 2?
-10000011100001101101111
Convert -8584046 (base 9) to base 13.
-c51a0b
-4106705 (base 10) to base 6
-224004305
1153107 (base 8) to base 11
1a7191
-3276d (base 16) to base 8
-623555
Convert -1101011100101110100000 (base 2) to base 9.
-6563112
Convert 1603654 (base 7) to base 15.
4521d
Convert -16941 (base 15) to base 12.
-36281
What is -ec883d (base 15) in base 8?
-52767030
17c1 (base 16) to base 7
23505
370792 (base 13) to base 12
535084
3140320 (base 5) to base 14
15241
What is -6b907 (base 15) in base 6?
-11203311
What is -137023 (base 11) in base 7?
-1551554
Convert 101122200011 (base 3) to base 4.
303030301
What is 27504643 (base 9) in base 2?
110011110100100101000111
-124632 (base 12) to base 3
-120010221102
2aa77a (base 11) to base 5
110422011
Convert -5495c (base 13) to base 11.
-a5105
What is -12002200022 (base 3) in base 6?
-2052355
What is -3020612 (base 7) in base 13?
-c6c86
What is -27325163 (base 8) in base 7?
-103114311
16235d (base 16) to base 15
1d9d30
Convert -c66177 (base 13) to base 6.
-243243003
9e7 (base 16) to base 4
213213
What is -6a40a (base 12) in base 13?
-4c9ba
What is -1110011110011111 (base 2) in base 14?
-17875
-17a49 (base 12) to base 15
-a289
Convert -23466 (base 16) to base 10.
-144486
What is -100010001001100001110000 (base 2) in base 9?
-17753647
30142200 (base 5) to base 4
322222230
Convert -1454762 (base 9) to base 3.
-1111211212002
-331101311130 (base 4) to base 11
-9081aa8
-110100101000000000010111 (base 2) to base 7
-225154453
Convert -614734 (base 8) to base 5.
-23000403
What is -43331 (base 5) in base 8?
-5626
Convert -73153 (base 9) to base 3.
-2110011210
Convert -40234140 (base 5) to base 10.
-321170
Convert -bdc0 (base 14) to base 3.
-1200010112
What is -1202001111 (base 3) in base 15?
-a26d
-5c775 (base 14) to base 12
-ab097
Convert -27d7d8 (base 14) to base 2.
-101010001010110100010
What is 300554 (base 8) in base 6?
2040444
Convert 23301026 (base 7) to base 6.
111542305
Convert -100101110101100011111 (base 2) to base 16.
-12eb1f
What is -314044621 (base 7) in base 2?
-1000110111100111110010011
Convert 3306c5 (base 13) to base 11.
75014a
What is -684a88 (base 13) in base 6?
-124512312
What is 20200200 (base 4) in base 15?
a4d3
What is 1517163 (base 8) in base 9?
731026
Convert 1525423 (base 6) to base 3.
11112120220
26a57 (base 12) to base 7
311350
What is -86976 (base 13) in base 5?
-30241123
What is -c7b46 (base 13) in base 16?
-57e5c
Convert -110020200122021 (base 3) to base 2.
-11000110101000110110010
4433234321 (base 5) to base 2
100100110111100111000001
Convert 58c1b (base 15) to base 10.
282851
-722 (base 8) to base 6
-2054
Convert 10a4a3 (base 14) to base 5.
121104231
Convert 3041232 (base 8) to base 5.
201202412
What is -122022112001002 (base 3) in base 8?
-43065024
10030031103 (base 4) to base 12
44b903
-1020002222211 (base 3) to base 14
-12d717
Convert -1000111111100011010011 (base 2) to base 8.
-10774323
What is -14058358 (base 10) in base 5?
-12044331413
What is -1604bd (base 15) in base 11?
-667608
16445620 (base 7) to base 3
10000201011101
-b998c (base 13) to base 11
-20a144
What is -10112220222 (base 3) in base 16?
-11129
Convert -333181 (base 11) to base 7.
-4341630
What is -1aaa11 (base 15) in base 6?
-43522041
-b1a2b8 (base 16) to base 11
-66314a8
912151 (base 12) to base 8
10505515
1a677 (base 16) to base 5
11430101
1a0ed1 (base 15) to base 16
135ceb
a9122 (base 13) to base 9
515153
-1335266 (base 7) to base 3
-22222222112
What is -24217716 (base 8) in base 16?
-511fce
What is 10221220123 (base 4) in base 8?
4515033
What is -aa9887 (base 11) in base 4?
-12300013222
What is 612320 (base 9) in base 10?
362574
Convert 2c630 (base 13) to base 5.
10201124
-5a43c (base 14) to base 7
-1605305
What is 130e0 (base 16) in base 8?
230340
What is -3c4825 (base 14) in base 4?
-13331202001
What is 178859 (base 11) in base 12?
11332a
Convert 684343 (base 11) to base 5.
234323133
38d748 (base 15) to base 3
12010121222212
What is -953271 (base 14) in base 3?
-100111010020211
Convert -15389 (base 10) to base 11.
-10620
-e3682 (base 16) to base 10
-931458
What is 2136165 (base 8) in base 14?
10c913
Convert 130013311 (base 4) to base 11.
795a8
1f27a (base 16) to base 14
34710
2227f (base 16) to base 9
232817
What is -33620065 (base 7) in base 14?
-563735
Convert -11010100010001010000 (base 2) to base 14.
-188c00
What is -10101111000010010 (base 2) in base 11?
-61371
Convert 3449db (base 14) to base 4.
12302211211
Convert -3333434323 (base 5) to base 11.
-4155260
What is -2803052 (base 10) in base 5?
-1204144202
Convert 3121031220 (base 5) to base 16.
62057f
Convert 23511322 (base 6) to base 16.
b4c02
Convert 20163230 (base 7) to base 12.
68ba9b
18844330 (base 9) to base 12
323a853
Convert -5eb584 (base 16) to base 2.
-10111101011010110000100
Convert 33646021 (base 7) to base 10.
2936095
Convert 2ab84e (base 16) to base 11.
16424a7
Convert -674918 (base 16) to base 6.
-401025332
What is 34113 (base 7) in base 3?
102211210
-1322244 (base 5) to base 16
-67ce
12200221100 (base 3) to base 12
54b39
What is -33110033113 (base 4) in base 9?
-7488561
What is -24435375 (base 9) in base 14?
-1831733
Convert ab5d5d (base 14) to base 12.
1b464bb
Convert -3340312330 (base 5) to base 16.
-7036ea
-231586 (base 9) to base 6
-2551253
What is -7336c (base 13) in base 16?
-3290b
104201440 (base 5) to base 15
912b5
Convert 35085b (base 12) to base 11.
53173a
What is -16047c (base 13) in base 8?
-2045316
Convert 12330443 (base 7) to base 3.
2002201210222
What is -33044411 (base 5) in base 13?
-9c577
Convert 28c7b (base 14) to base 16.
18b7d
What is 6a572 (base 12) in base 13?
4cb29
Convert 1fa8c8 (base 16) to base 11.
1197934
What is 852547 (base 9) in base 4?
1323303133
What is 12213526 (base 7) in base 3?
2001200122011
Convert -3408d (base 14) to base 5.
-13020344
What is 229d19 (base 14) in base 12?
48a883
1011121221021 (base 3) to base 9
1147837
101001011101001011111 (base 2) to base 15
